{"id":10686,"date":"2018-12-06T11:34:13","date_gmt":"2018-12-06T10:34:13","guid":{"rendered":"http:\/\/beeldenstorm.be\/web\/?page_id=10686"},"modified":"2019-01-03T10:48:37","modified_gmt":"2019-01-03T09:48:37","slug":"echoes-tmesis-ensemble-cd","status":"publish","type":"page","link":"https:\/\/beeldenstorm.be\/web\/echoes-tmesis-ensemble-cd\/","title":{"rendered":"&#8216;Echoes&#8217; &#8211; Tmesis Ensemble\u00a0\u2022 cd"},"content":{"rendered":"<p><em>(geluidsfragment volgt nog)<\/em><\/p>\n<p><em>Componist(en):<\/em><\/p>\n<div class=\"composers-list-on-album\">\n<ul class=\"composerslist\">\n<li><strong>Claude Debussy<\/strong><\/li>\n<li><strong>Frederik Neyrinck<\/strong><\/li>\n<li><strong>Arnold Sch\u00f6nberg<\/strong><\/li>\n<li><strong>Maurice Ravel<\/strong><\/li>\n<li><strong>Camille Saint-Sa\u00ebns<\/strong><\/li>\n<\/ul>\n<\/div>\n<div class=\"artists-list-on-album\">\n<div class=\"left\"><em>Artiest(en): <\/em><\/div>\n<ul class=\"artistlist\">\n<li><strong>Tmesis Ensemble<\/strong>\n<ul>\n<li>G\u00e9raldine Cl\u00e9ment &#8211; flute<\/li>\n<li>Panagiota Giannaka &#8211; clarinet<\/li>\n<li>Alexandra Lelek &#8211; cello<\/li>\n<li>Diede Verpoest &#8211; violin\/viola<\/li>\n<li>Sara Vujadinovic &#8211; piano<\/li>\n<\/ul>\n<\/li>\n<\/ul>\n<p><a href=\"https:\/\/beeldenstorm.be\/web\/files\/2018\/12\/Tmesis-Ensemble_Echoes_KTC-1640_WEB-1.jpg\" rel=\"lightbox[10686]\"><img loading=\"lazy\" class=\"alignnone wp-image-10701 size-medium\" src=\"https:\/\/beeldenstorm.be\/web\/files\/2018\/12\/Tmesis-Ensemble_Echoes_KTC-1640_WEB-1-560x512.jpg\" alt=\"\" width=\"560\" height=\"512\" srcset=\"https:\/\/beeldenstorm.be\/web\/files\/2018\/12\/Tmesis-Ensemble_Echoes_KTC-1640_WEB-1-560x512.jpg 560w, https:\/\/beeldenstorm.be\/web\/files\/2018\/12\/Tmesis-Ensemble_Echoes_KTC-1640_WEB-1-280x256.jpg 280w, https:\/\/beeldenstorm.be\/web\/files\/2018\/12\/Tmesis-Ensemble_Echoes_KTC-1640_WEB-1-768x702.jpg 768w, https:\/\/beeldenstorm.be\/web\/files\/2018\/12\/Tmesis-Ensemble_Echoes_KTC-1640_WEB-1.jpg 1024w\" sizes=\"(max-width: 560px) 100vw, 560px\" \/><\/a><\/p>\n<p>&nbsp;<\/p>\n<p><small>Et&#8217;cetera \u2022 ET&#8217;CETERA RECORDS<\/small><\/p>\n<p>Deze cd is te koop voor\u00a0<strong>\u20ac21.50<\/strong>\u00a0per cd <em>incl.\u00a0BTW.\u00a0<\/em><\/p>\n<p>Internationaal kamermuziekensemble Tmesis, laureaat van de Supernova Competitie 2016 door Klara, ontsproot in 2016 aan het Brusselse Koninklijk Conservatorium. In haar korte bestaan werd Tmesis reeds uitgenodigd op festivals als het Klarafestival, het Portugese HARMOS Festival, het Nederlandse Schiermonnikoogfestival, Klara in deSingel en het festival Midis-Minimes. Zij werden uitgezonden op het Euroclassical Online Festival, Musiq\u20193, Radio Klara en de Britse zender BBC Radio 3. Tmesis is ensemble in residentie in Beeldenstorm (Anderlecht) en het Koninklijk Conservatorium Brussel.<\/p>\n<p>Deze jonge, enthousiaste musici delen hun passie voor uitdagende, originele kamermuziek. Tmesis\u2019 programma\u2019s garanderen dan ook muzikale reizen vol (her)ontdekkingen doorheen divers en opwindend repertoire. Verrassende (eigen) arrangementen geven een frisse kijk op monumentale (orkestrale) meesterwerken, met Sch\u00f6nbergs Verein f\u00fcr musikalische Privatauff\u00fchrungen als lichtbaken.<br \/>\n\u200b<br \/>\nDe kwintetformatie, in feite een \u2018orkest op zakformaat\u2019 (blazers, strijkers en piano), is de solide basis die ons leidt doorheen een verhaal vol variatie. Verschillende literatuur voor kwintet, onderbroken in de geest van het retorische \u2018tmesis&#8217; (oud-Grieks voor \u2018snijding, coupure, breekpunt\u2019) door werken in contrasterende bezetting en stijlen (duo, trio, \u2026) \u2013 de mogelijkheden zijn eindeloos!<\/p>\n<p><a href=\"https:\/\/www.tmesisensemble.com\/the-ensemble.html\" target=\"_blank\" rel=\"noopener\">www.tmesisensemble.com<\/a><\/p>\n<\/div>\n","protected":false},"excerpt":{"rendered":"<p>(geluidsfragment volgt nog) Componist(en): Claude Debussy Frederik Neyrinck Arnold Sch\u00f6nberg [&hellip;]<\/p>\n","protected":false},"author":19,"featured_media":0,"parent":0,"menu_order":0,"comment_status":"closed","ping_status":"closed","template":"","meta":{"_EventAllDay":false,"_EventTimezone":"","_EventStartDate":"","_EventEndDate":"","_EventStartDateUTC":"","_EventEndDateUTC":"","_EventShowMap":false,"_EventShowMapLink":false,"_EventURL":"","_EventCost":"","_EventCostDescription":"","_EventCurrencySymbol":"","_EventCurrencyPosition":"","_EventDateTimeSeparator":"","_EventTimeRangeSeparator":"","_EventOrganizerID":[],"_EventVenueID":0,"_OrganizerEmail":"","_OrganizerPhone":"","_OrganizerWebsite":"","_VenueAddress":"","_VenueCity":"","_VenueCountry":"","_VenueProvince":"","_VenueZip":"","_VenuePhone":"","_VenueURL":"","_VenueStateProvince":"","_VenueLat":"","_VenueLng":"","_tribe_blocks_recurrence_rules":"","_tribe_blocks_recurrence_exclusions":"","_tribe_blocks_recurrence_description":"","spay_email":""},"jetpack_sharing_enabled":true,"jetpack_shortlink":"https:\/\/wp.me\/P22GyJ-2Mm","_links":{"self":[{"href":"https:\/\/beeldenstorm.be\/web\/wp-json\/wp\/v2\/pages\/10686"}],"collection":[{"href":"https:\/\/beeldenstorm.be\/web\/wp-json\/wp\/v2\/pages"}],"about":[{"href":"https:\/\/beeldenstorm.be\/web\/wp-json\/wp\/v2\/types\/page"}],"author":[{"embeddable":true,"href":"https:\/\/beeldenstorm.be\/web\/wp-json\/wp\/v2\/users\/19"}],"replies":[{"embeddable":true,"href":"https:\/\/beeldenstorm.be\/web\/wp-json\/wp\/v2\/comments?post=10686"}],"version-history":[{"count":4,"href":"https:\/\/beeldenstorm.be\/web\/wp-json\/wp\/v2\/pages\/10686\/revisions"}],"predecessor-version":[{"id":10726,"href":"https:\/\/beeldenstorm.be\/web\/wp-json\/wp\/v2\/pages\/10686\/revisions\/10726"}],"wp:attachment":[{"href":"https:\/\/beeldenstorm.be\/web\/wp-json\/wp\/v2\/media?parent=10686"}],"curies":[{"name":"wp","href":"https:\/\/api.w.org\/{rel}","templated":true}]}}