{"id":2,"date":"2010-02-05T09:33:17","date_gmt":"2010-02-05T09:33:17","guid":{"rendered":"https:\/\/beeldenstorm.be\/web\/"},"modified":"2023-11-16T16:56:04","modified_gmt":"2023-11-16T15:56:04","slug":"intro","status":"publish","type":"page","link":"https:\/\/beeldenstorm.be\/web\/","title":{"rendered":"intro"},"content":{"rendered":"<p>\u00a0<\/p>\n<h4>Kunstendag voor Kinderen<\/h4>\n<h5>Jammer genoeg is er op Beeldenstorm voor de Kunstendag voor Kinderen,op zondag 19 november 2023, geen activiteit.<br \/>Ondanks ons boeiend aanbod, mochten wij geen enkele inschrijving ontvangen, hetgeen we ten zeerste betreuren.<br \/>Hopelijk zien wij elkaar nog eens later \u2026<\/h5>\n<p><a href=\"https:\/\/beeldenstorm.be\/web\/agenda-item\/kunstendag-voor-kinderen-topstukken\/\"><img loading=\"lazy\" class=\"alignnone size-medium wp-image-15693\" src=\"https:\/\/beeldenstorm.be\/web\/files\/2023\/10\/walvis_001-560x707.png\" alt=\"\" width=\"560\" height=\"707\" srcset=\"https:\/\/beeldenstorm.be\/web\/files\/2023\/10\/walvis_001-560x707.png 560w, https:\/\/beeldenstorm.be\/web\/files\/2023\/10\/walvis_001-811x1024.png 811w, https:\/\/beeldenstorm.be\/web\/files\/2023\/10\/walvis_001-280x354.png 280w, https:\/\/beeldenstorm.be\/web\/files\/2023\/10\/walvis_001-768x970.png 768w, https:\/\/beeldenstorm.be\/web\/files\/2023\/10\/walvis_001.png 855w\" sizes=\"(max-width: 560px) 100vw, 560px\" \/><\/a><\/p>\n<h4>Herfstateliers Beeldenstorm\u00a0<\/h4>\n<h5>Welkom bij de herfstateliers van Beeldenstorm!<br \/>Het thema waar we dit schooljaar 2023-2024 rond zullen werken, is \u2018De verwachting.\u2019<\/h5>\n<ul>\n<li>\n<h5><em>de transformatie van een vlinder<\/em><\/h5>\n<\/li>\n<li>\n<h5><em>winter die weer lente wordt<\/em><\/h5>\n<\/li>\n<li>\n<h5><em>dat van de zonneschijn na regen<\/em><\/h5>\n<\/li>\n<li>\n<h5><em>het grillige van klei<\/em><\/h5>\n<\/li>\n<li>\n<h5><em>de tekening die anders uitdraait<\/em><\/h5>\n<\/li>\n<li>\n<h5><em>de film die met verstomming slaat<\/em><\/h5>\n<\/li>\n<li>\n<h5><em>het kledingstuk dat niet is wat het lijkt<\/em><\/h5>\n<\/li>\n<li>\n<h5><em>smaken die anders zijn dan verwacht<\/em><\/h5>\n<\/li>\n<li>\n<h5><em>het deeg dat koekje wordt<\/em><\/h5>\n<\/li>\n<li>\n<h5><em>het verlegen meisje dat minister wordt<\/em><\/h5>\n<\/li>\n<li>\n<h5><em>\u2026<\/em><\/h5>\n<\/li>\n<\/ul>\n<h5>Kom het bij ons verbeelden!<\/h5>\n<h5>Contacteer ons voor meer informatie via: <a href=\"mailto:secretariaat@beeldenstorm.be\">secretariaat@beeldenstorm.be<\/a> of 02\/ 523 43 50<\/h5>\n<p>\u00a0<\/p>\n<p><em>Welk weer mogen we verwachten<br \/><\/em><em>vandaag morgen binnen een jaar\u00a0<\/em><\/p>\n<p><em>wat mogen we van jou verwachten<br \/><\/em><em>wat verwacht het rupsje in\u00a0zijn\u00a0zijden hemd<\/em><\/p>\n<p><em>\u2018k vervlinder slechts wat woorden<br \/><\/em><em>en blaas ze verder met de wind<\/em><em>\u00a0<\/em><\/p>\n<p><em>tot bij de schapen die wat lucht begrazen<br \/><\/em><em>die kudde vormen in je hoofd<\/em><\/p>\n<p><em>een zwart cluster vol met angsten<br \/><\/em><em>dat uitspat in een regenbui<\/em><\/p>\n<p><em>de onzin werpt\u00a0zijn\u00a0bliksem<br \/><\/em><em>midden door\u00a0mijn\u00a0gedachtegang<\/em><\/p>\n<p><em>\u00a0<\/em><em>de deuren op de tocht gezet<br \/><\/em><em>ze slaan de laatste dromen stuk<\/em><\/p>\n<p><em>zal \u2018t weer snel overslaan<br \/><\/em><em>en mij verder laten hinkelen<br \/><\/em><em>op de ingeslagen weg<\/em><\/p>\n<p><em>een baan die slingert langs verwondering<br \/><\/em><em>waar oude karren nog vrolijk sporen<br \/><\/em><em>waar \u2019t wassend kruid de roos niet overbloeit<br \/><\/em><em>waar kinderen kunnen ruiken<br \/><\/em><em>aan onvervalste schoonheid<br \/><\/em><em>waar\u00a0ieder\u00a0woord wat liever klinkt.<\/em><\/p>\n<p><em>Geschreven voor de dienaars van de muze<br \/><\/em><em>Nik Honinckx <\/em><\/p>\n<h5>Nu het nieuwe schooljaar begonnen is, organiseren we weer ateliers tijdens en na de schooluren.<br \/>Ateliers waaruit u kan kiezen, zijn: een naaiatelier, filmatelier, crea atelier en keramiekatelier.<\/h5>\n<h5>\u00a0<\/h5>\n<h5>\u00a0<\/h5>\n<p><a href=\"https:\/\/beeldenstorm.be\/web\/files\/2023\/06\/Bel_FB.png\" rel=\"lightbox[2]\"><img loading=\"lazy\" class=\"alignnone  wp-image-15480\" src=\"https:\/\/beeldenstorm.be\/web\/files\/2023\/06\/Bel_FB-560x840.png\" alt=\"\" width=\"257\" height=\"386\" srcset=\"https:\/\/beeldenstorm.be\/web\/files\/2023\/06\/Bel_FB-560x840.png 560w, https:\/\/beeldenstorm.be\/web\/files\/2023\/06\/Bel_FB-683x1024.png 683w, https:\/\/beeldenstorm.be\/web\/files\/2023\/06\/Bel_FB-280x420.png 280w, https:\/\/beeldenstorm.be\/web\/files\/2023\/06\/Bel_FB-768x1152.png 768w, https:\/\/beeldenstorm.be\/web\/files\/2023\/06\/Bel_FB-1024x1536.png 1024w, https:\/\/beeldenstorm.be\/web\/files\/2023\/06\/Bel_FB.png 1365w\" sizes=\"(max-width: 257px) 100vw, 257px\" \/><\/a><\/p>\n<h5>ALGEMENE OPROEP AAN ALLE SYMPATISANTEN VAN BEELDENSTORM:<br \/>HET VOORTBESTAAN VAN BEELDENSTORM IS IN GEVAAR!<\/h5>\n<h5>Het betreft een ongunstige evaluatie van onze werking door de VGC verantwoordelijken en de politieke beleidsverantwoordelijken.<br \/>Help ons de beleidsvoerders duidelijk te maken dat ze zich vergissen en dat Beeldenstorm bestaansrecht heeft, dat ons voortbestaan belangrijk is voor u.<br \/>De Beeldenstormers<br \/>Voor de petitie <a href=\"https:\/\/www.change.org\/p\/beeldenstorm-bedreigd-in-zijn-voortbestaan\">klik hier<\/a><\/h5>\n<div class=\"x11i5rnm xat24cr x1mh8g0r x1vvkbs xtlvy1s x126k92a\">\n<h5>\u00a0<\/h5>\n<\/div>\n<hr \/>\n<div class=\"x11i5rnm xat24cr x1mh8g0r x1vvkbs xtlvy1s x126k92a\">\n<h5>\u00a0<\/h5>\n<p>\u00a0<\/p>\n<\/div>\n<p data-pm-slice=\"1 1 []\">Beeldenstorm, deMens.nu en Et&#8217;cetera records, <br \/>presenteren met trots &#8220;Attentions Les Apaches!&#8221;, <br \/>de nieuwe CD van Pianoduo Mimese.<\/p>\n<p data-pm-slice=\"1 1 []\"><a href=\"https:\/\/beeldenstorm.be\/web\/agenda-item\/concert-attention-les-apaches\/\"><img loading=\"lazy\" class=\"alignnone size-medium wp-image-15288\" src=\"https:\/\/beeldenstorm.be\/web\/files\/2023\/04\/KTC-1783_web-560x494.png\" alt=\"\" width=\"560\" height=\"494\" srcset=\"https:\/\/beeldenstorm.be\/web\/files\/2023\/04\/KTC-1783_web-560x494.png 560w, https:\/\/beeldenstorm.be\/web\/files\/2023\/04\/KTC-1783_web-1024x904.png 1024w, https:\/\/beeldenstorm.be\/web\/files\/2023\/04\/KTC-1783_web-280x247.png 280w, https:\/\/beeldenstorm.be\/web\/files\/2023\/04\/KTC-1783_web-768x678.png 768w, https:\/\/beeldenstorm.be\/web\/files\/2023\/04\/KTC-1783_web.png 1080w\" sizes=\"(max-width: 560px) 100vw, 560px\" \/><\/a><\/p>\n<div class=\"x11i5rnm xat24cr x1mh8g0r x1vvkbs xtlvy1s x126k92a\">\n<h5>\u00a0<\/h5>\n<\/div>\n<h5>Het voltallige personeel en het bestuursorgaan van Beeldenstorm heeft de droevige plicht u het overlijden te melden van haar trouwe medewerker George.<br \/>Vorig jaar maakten we dit korte videoportret van hem.<\/h5>\n<h5>Tous les membres du personnel ainsi que le Conseil d\u2019Administration de Beeldenstorm ont la grande tristesse de vous annoncer le d\u00e9c\u00e8s de leur fid\u00e8le coll\u00e8gue George.<br \/>L\u2019ann\u00e9e derni\u00e8re, nous avons film\u00e9 ce court portrait vid\u00e9o de George.<\/h5>\n<h5>The entire staff and governing body of Beeldenstorm has the sad duty to inform you of the death of its loyal employee George.<br \/><span style=\"font-size: 1em\">Last year, we made this short video portrait of him.<\/span><\/h5>\n<p>\u00a0<\/p>\n\n\n<figure class=\"wp-block-embed-youtube wp-block-embed is-type-video is-provider-youtube wp-embed-aspect-16-9 wp-has-aspect-ratio\"><div class=\"wp-block-embed__wrapper\">\n<span class=\"embed-youtube\" style=\"text-align:center; display: block;\"><iframe class='youtube-player' width='640' height='360' src='https:\/\/www.youtube.com\/embed\/0vgWzkkZLiI?version=3&#038;rel=1&#038;fs=1&#038;autohide=2&#038;showsearch=0&#038;showinfo=1&#038;iv_load_policy=1&#038;start=4&#038;wmode=transparent' allowfullscreen='true' style='border:0;'><\/iframe><\/span>\n<\/div><\/figure>\n\n\n<p><\/p>\n<h5>21 Mei is de dag van de diversiteit dus hebben wij hier bij Beeldenstorm gesproken over hoe het is om te werken in een divers team. <br>Beluister de podcast hieronder.&nbsp;<\/h5>\n\n\n<figure class=\"wp-block-audio\"><audio controls src=\"https:\/\/beeldenstorm.be\/web\/files\/2022\/05\/multiculturel.mp3\"><\/audio><figcaption>Beeldenstorm podcast dag van de diversiteit<\/figcaption><\/figure>\n\n\n\n<figure class=\"wp-block-embed-youtube wp-block-embed is-type-video is-provider-youtube wp-embed-aspect-16-9 wp-has-aspect-ratio\"><div class=\"wp-block-embed__wrapper\">\n<span class=\"embed-youtube\" style=\"text-align:center; display: block;\"><iframe class='youtube-player' width='640' height='360' src='https:\/\/www.youtube.com\/embed\/XRSbzUTJSHM?version=3&#038;rel=1&#038;fs=1&#038;autohide=2&#038;showsearch=0&#038;showinfo=1&#038;iv_load_policy=1&#038;wmode=transparent' allowfullscreen='true' style='border:0;'><\/iframe><\/span>\n<\/div><\/figure>\n\n\n\n<p class=\"has-small-font-size\"><\/p>\n\n\n\n<hr class=\"wp-block-separator\" \/>\n\n\n\n<p><\/p>\n\n\n\n<figure class=\"wp-block-embed-youtube wp-block-embed is-type-video is-provider-youtube wp-embed-aspect-16-9 wp-has-aspect-ratio\"><div class=\"wp-block-embed__wrapper\">\n<span class=\"embed-youtube\" style=\"text-align:center; display: block;\"><iframe class='youtube-player' width='640' height='360' src='https:\/\/www.youtube.com\/embed\/c5Ojb20TlaM?version=3&#038;rel=1&#038;fs=1&#038;autohide=2&#038;showsearch=0&#038;showinfo=1&#038;iv_load_policy=1&#038;wmode=transparent' allowfullscreen='true' style='border:0;'><\/iframe><\/span>\n<\/div><\/figure>\n\n\n\n<figure class=\"wp-block-embed-youtube wp-block-embed is-type-video is-provider-youtube wp-embed-aspect-16-9 wp-has-aspect-ratio\"><div class=\"wp-block-embed__wrapper\">\n<span class=\"embed-youtube\" style=\"text-align:center; display: block;\"><iframe class='youtube-player' width='640' height='360' src='https:\/\/www.youtube.com\/embed\/y-sLWe5rV6g?version=3&#038;rel=1&#038;fs=1&#038;autohide=2&#038;showsearch=0&#038;showinfo=1&#038;iv_load_policy=1&#038;wmode=transparent' allowfullscreen='true' style='border:0;'><\/iframe><\/span>\n<\/div><\/figure>\n\n\n\n<div\n\t class=\"tribe-common tribe-events tribe-events-view tribe-events-view--photo tribe-events-view--shortcode tribe-events-view--shortcode-0ca2eb86 tribe-events-pro\" \tdata-js=\"tribe-events-view\"\n\tdata-view-rest-nonce=\"ff1829d700\"\n\tdata-view-rest-url=\"https:\/\/beeldenstorm.be\/web\/wp-json\/tribe\/views\/v2\/html\"\n\tdata-view-manage-url=\"\"\n\t\t\tdata-view-shortcode=\"0ca2eb86\"\n\t\t\t\tdata-view-breakpoint-pointer=\"6e7714a4-c64e-4cea-9ae1-55e20679571a\"\n\t>\n\t<div class=\"tribe-common-l-container tribe-events-l-container\">\n\t\t<div\n\tclass=\"tribe-events-view-loader tribe-common-a11y-hidden\"\n\trole=\"alert\"\n\taria-live=\"assertive\"\n>\n\t<div class=\"tribe-events-view-loader__dots tribe-common-c-loader\">\n\t\t<div class=\"tribe-common-c-loader__dot tribe-common-c-loader__dot--first\"><\/div>\n\t\t<div class=\"tribe-common-c-loader__dot tribe-common-c-loader__dot--second\"><\/div>\n\t\t<div class=\"tribe-common-c-loader__dot tribe-common-c-loader__dot--third\"><\/div>\n\t<\/div>\n<\/div>\n\n\t\t\n\t\t<script data-js=\"tribe-events-view-data\" type=\"application\/json\">\n\t{\"slug\":\"photo\",\"prev_url\":\"https:\\\/\\\/beeldenstorm.be\\\/web\\\/agenda-page\\\/foto\\\/?rest_route=%2Fwp%2Fv2%2Fpages%2F2&shortcode=0ca2eb86&tribe_events_cat%5B0%5D=intro&eventDisplay=past\",\"next_url\":\"\",\"view_class\":\"Tribe\\\\Events\\\\Pro\\\\Views\\\\V2\\\\Views\\\\Photo_View\",\"view_slug\":\"photo\",\"view_label\":\"Foto\",\"title\":\"Aanstaande Evenementen &#8211; Beeldenstorm\",\"events\":[],\"url\":\"https:\\\/\\\/beeldenstorm.be\\\/web\\\/agenda-page\\\/foto\\\/?shortcode=0ca2eb86&tribe_events_cat%5B0%5D=intro\",\"url_event_date\":false,\"bar\":{\"keyword\":\"\",\"date\":\"\"},\"today\":\"2026-04-20 00:00:00\",\"now\":\"2026-04-20 02:37:36\",\"rest_url\":\"https:\\\/\\\/beeldenstorm.be\\\/web\\\/wp-json\\\/tribe\\\/views\\\/v2\\\/html\",\"rest_nonce\":\"ff1829d700\",\"should_manage_url\":false,\"today_url\":\"https:\\\/\\\/beeldenstorm.be\\\/web\\\/agenda-page\\\/foto\\\/?rest_route=%2Fwp%2Fv2%2Fpages%2F2&shortcode=0ca2eb86&tribe_events_cat%5B0%5D=intro\",\"prev_label\":\"\",\"next_label\":\"\",\"date_formats\":{\"compact\":\"j\\\/n\\\/Y\",\"month_and_year_compact\":\"n\\\/Y\",\"month_and_year\":\"F Y\",\"time_range_separator\":\" - \",\"date_time_separator\":\" - \"},\"messages\":{\"notice\":[\"Er zijn geen resultaten gevonden.\"]},\"start_of_week\":\"1\",\"breadcrumbs\":[],\"before_events\":\"\",\"after_events\":\"\",\"display_events_bar\":true,\"disable_event_search\":false,\"live_refresh\":false,\"ical\":{\"display_link\":true,\"link\":{\"url\":\"https:\\\/\\\/beeldenstorm.be\\\/web\\\/agenda-page\\\/?ical=1\",\"text\":\"Export Evenementen\",\"title\":\"Gebruik dit om de kalender te kunnen delen met Google Calendar, Apple iCal en andere compatibele apps\"}},\"container_classes\":[\"tribe-common\",\"tribe-events\",\"tribe-events-view\",\"tribe-events-view--photo\",\"tribe-events-view--shortcode\",\"tribe-events-view--shortcode-0ca2eb86\",\"tribe-events-pro\"],\"container_data\":{\"shortcode\":\"0ca2eb86\"},\"is_past\":false,\"breakpoints\":{\"xsmall\":500,\"medium\":768,\"full\":960},\"breakpoint_pointer\":\"6e7714a4-c64e-4cea-9ae1-55e20679571a\",\"is_initial_load\":false,\"public_views\":{\"list\":{\"view_class\":\"Tribe\\\\Events\\\\Views\\\\V2\\\\Views\\\\List_View\",\"view_url\":\"https:\\\/\\\/beeldenstorm.be\\\/web\\\/agenda-page\\\/lijst\\\/?shortcode=0ca2eb86&tribe_events_cat%5B0%5D=intro\",\"view_label\":\"Lijst\"},\"month\":{\"view_class\":\"Tribe\\\\Events\\\\Views\\\\V2\\\\Views\\\\Month_View\",\"view_url\":\"https:\\\/\\\/beeldenstorm.be\\\/web\\\/agenda-page\\\/maand\\\/?shortcode=0ca2eb86&tribe_events_cat%5B0%5D=intro\",\"view_label\":\"Maand\"},\"photo\":{\"view_class\":\"Tribe\\\\Events\\\\Pro\\\\Views\\\\V2\\\\Views\\\\Photo_View\",\"view_url\":\"https:\\\/\\\/beeldenstorm.be\\\/web\\\/agenda-page\\\/foto\\\/?shortcode=0ca2eb86&tribe_events_cat%5B0%5D=intro\",\"view_label\":\"Foto\"}},\"show_latest_past\":true,\"placeholder_url\":\"https:\\\/\\\/beeldenstorm.be\\\/web\\\/wp-content\\\/plugins\\\/events-calendar-pro\\\/src\\\/resources\\\/images\\\/tribe-event-placeholder-image.svg\",\"show_now\":true,\"now_label\":\"Nu en later\",\"now_label_mobile\":\"Nu vooruit\",\"show_end\":false,\"selected_start_datetime\":\"2026-04-20\",\"selected_start_date_mobile\":\"20\\\/4\\\/2026\",\"selected_start_date_label\":\"20 april\",\"selected_end_datetime\":\"2026-04-20\",\"selected_end_date_mobile\":\"20\\\/4\\\/2026\",\"selected_end_date_label\":\"Nu\",\"datepicker_date\":\"20\\\/4\\\/2026\",\"display_recurring_toggle\":false,\"_context\":{\"slug\":\"photo\",\"should_manage_url\":false},\"text\":\"Laden....\",\"shortcode\":\"0ca2eb86\"}<\/script>\n\n\t\t\n\t\t<header  class=\"tribe-events-header tribe-events-header--has-event-search\" >\n\t\t\t<div  class=\"tribe-events-header__messages tribe-events-c-messages tribe-common-b2\" >\n\t\t\t<div class=\"tribe-events-c-messages__message tribe-events-c-messages__message--notice\" role=\"alert\">\n\t\t\t<ul class=\"tribe-events-c-messages__message-list\">\n\t\t\t\t\t\t\t\t\t<li class=\"tribe-events-c-messages__message-list-item\">\n\t\t\t\t\t\tEr zijn geen resultaten gevonden.\t\t\t\t\t<\/li>\n\t\t\t\t\t\t\t<\/ul>\n\t\t<\/div>\n\t<\/div>\n\n\t\t\t\n\t\t\t\n\t\t\t<div class=\"tribe-events-c-top-bar tribe-events-header__top-bar\">\n\n\t<nav class=\"tribe-events-c-top-bar__nav tribe-common-a11y-hidden\">\n\t<ul class=\"tribe-events-c-top-bar__nav-list\">\n\t\t<li class=\"tribe-events-c-top-bar__nav-list-item\">\n\t<a\n\t\thref=\"https:\/\/beeldenstorm.be\/web\/agenda-page\/foto\/?rest_route=%2Fwp%2Fv2%2Fpages%2F2&#038;shortcode=0ca2eb86&#038;tribe_events_cat%5B0%5D=intro&#038;eventDisplay=past\"\n\t\tclass=\"tribe-common-c-btn-icon tribe-common-c-btn-icon--caret-left tribe-events-c-top-bar__nav-link tribe-events-c-top-bar__nav-link--prev\"\n\t\taria-label=\"Vorig Evenementen\"\n\t\ttitle=\"Vorig Evenementen\"\n\t\tdata-js=\"tribe-events-view-link\"\n\t>\n\t<\/a>\n<\/li>\n\n\t\t<li class=\"tribe-events-c-top-bar__nav-list-item\">\n\t<button\n\t\tclass=\"tribe-common-c-btn-icon tribe-common-c-btn-icon--caret-right tribe-events-c-top-bar__nav-link tribe-events-c-top-bar__nav-link--next\"\n\t\taria-label=\"Volgende Evenementen\"\n\t\ttitle=\"Volgende Evenementen\"\n\t\tdisabled\n\t>\n\t<\/button>\n<\/li>\n\t<\/ul>\n<\/nav>\n\n\t<a\n\thref=\"https:\/\/beeldenstorm.be\/web\/agenda-page\/foto\/?rest_route=%2Fwp%2Fv2%2Fpages%2F2&#038;shortcode=0ca2eb86&#038;tribe_events_cat%5B0%5D=intro\"\n\tclass=\"tribe-common-c-btn-border tribe-events-c-top-bar__today-button tribe-common-a11y-hidden\"\n\tdata-js=\"tribe-events-view-link\"\n\taria-label=\"Klik om de datum van vandaag te selecteren\"\n\ttitle=\"Klik om de datum van vandaag te selecteren\"\n>\n\tVandaag<\/a>\n\n\t<div class=\"tribe-events-c-top-bar__datepicker\">\n\t<button\n\t\tclass=\"tribe-common-h3 tribe-common-h--alt tribe-events-c-top-bar__datepicker-button\"\n\t\tdata-js=\"tribe-events-top-bar-datepicker-button\"\n\t\ttype=\"button\"\n\t\taria-label=\"Click to toggle datepicker\"\n\t\ttitle=\"Click to toggle datepicker\"\n\t>\n\t\t<time\n\t\t\tdatetime=\"2026-04-20\"\n\t\t\tclass=\"tribe-events-c-top-bar__datepicker-time\"\n\t\t>\n\t\t\t\t\t\t\t<span class=\"tribe-events-c-top-bar__datepicker-mobile\">\n\t\t\t\t\tNu vooruit\t\t\t\t<\/span>\n\t\t\t\t<span class=\"tribe-events-c-top-bar__datepicker-desktop tribe-common-a11y-hidden\">\n\t\t\t\t\tNu en later\t\t\t\t<\/span>\n\t\t\t\t\t<\/time>\n\t\t\t<\/button>\n\t<label\n\t\tclass=\"tribe-events-c-top-bar__datepicker-label tribe-common-a11y-visual-hide\"\n\t\tfor=\"tribe-events-top-bar-date\"\n\t>\n\t\tSelecteer datum\t<\/label>\n\t<input\n\t\ttype=\"text\"\n\t\tclass=\"tribe-events-c-top-bar__datepicker-input tribe-common-a11y-visual-hide\"\n\t\tdata-js=\"tribe-events-top-bar-date\"\n\t\tid=\"tribe-events-top-bar-date\"\n\t\tname=\"tribe-events-views[tribe-bar-date]\"\n\t\tvalue=\"20\/4\/2026\"\n\t\ttabindex=\"-1\"\n\t\tautocomplete=\"off\"\n\t\treadonly=\"readonly\"\n\t\/>\n\t<div class=\"tribe-events-c-top-bar__datepicker-container\" data-js=\"tribe-events-top-bar-datepicker-container\"><\/div>\n<\/div>\n\n\t<div class=\"tribe-events-c-top-bar__actions tribe-common-a11y-hidden\">\n\t<\/div>\n\n<\/div>\n\t\t<\/header>\n\n\t\t\n\t\t<div class=\"tribe-events-pro-photo\">\n\n\t\t\t<div class=\"tribe-common-g-row tribe-common-g-row--gutters\">\n\n\t\t\t\t\n\t\t\t<\/div>\n\n\t\t<\/div>\n\n\t\t<nav class=\"tribe-events-pro-photo-nav tribe-events-c-nav\">\n\t<ul class=\"tribe-events-c-nav__list\">\n\t\t<li class=\"tribe-events-c-nav__list-item tribe-events-c-nav__list-item--prev\">\n\t<a\n\t\thref=\"https:\/\/beeldenstorm.be\/web\/agenda-page\/foto\/?rest_route=%2Fwp%2Fv2%2Fpages%2F2&#038;shortcode=0ca2eb86&#038;tribe_events_cat%5B0%5D=intro&#038;eventDisplay=past\"\n\t\trel=\"prev\"\n\t\tclass=\"tribe-events-c-nav__prev tribe-common-b2 tribe-common-b1--min-medium\"\n\t\tdata-js=\"tribe-events-view-link\"\n\t\taria-label=\"Vorig Evenementen\"\n\t\ttitle=\"Vorig Evenementen\"\n\t>\n\t\t<span class=\"tribe-events-c-nav__prev-label\">\n\t\t\tVorig <span class=\"tribe-events-c-nav__prev-label-plural tribe-common-a11y-visual-hide\">Evenementen<\/span>\t\t<\/span>\n\t<\/a>\n<\/li>\n\n\t\t<li class=\"tribe-events-c-nav__list-item tribe-events-c-nav__list-item--today\">\n\t<a\n\t\thref=\"https:\/\/beeldenstorm.be\/web\/agenda-page\/foto\/?rest_route=%2Fwp%2Fv2%2Fpages%2F2&#038;shortcode=0ca2eb86&#038;tribe_events_cat%5B0%5D=intro\"\n\t\tclass=\"tribe-events-c-nav__today tribe-common-b2\"\n\t\tdata-js=\"tribe-events-view-link\"\n\t\taria-label=\"Klik om de vandaag te selecteren\"\n\t\ttitle=\"Klik om de vandaag te selecteren\"\n\t>\n\t\tVandaag\t<\/a>\n<\/li>\n\n\t\t<li class=\"tribe-events-c-nav__list-item tribe-events-c-nav__list-item--next\">\n\t<button\n\t\tclass=\"tribe-events-c-nav__next tribe-common-b2 tribe-common-b1--min-medium\"\n\t\taria-label=\"Volgende Evenementen\"\n\t\ttitle=\"Volgende Evenementen\"\n\t\tdisabled\n\t>\n\t\t<span class=\"tribe-events-c-nav__next-label\">\n\t\t\tVolgende <span class=\"tribe-events-c-nav__next-label-plural tribe-common-a11y-visual-hide\">Evenementen<\/span>\t\t<\/span>\n\t<\/button>\n<\/li>\n\t<\/ul>\n<\/nav>\n\n\t\t<div class=\"tribe-events-c-ical tribe-common-b2 tribe-common-b3--min-medium\">\n\t<a\n\t\tclass=\"tribe-events-c-ical__link\"\n\t\ttitle=\"Gebruik dit om de kalender te kunnen delen met Google Calendar, Apple iCal en andere compatibele apps\"\n\t\thref=\"https:\/\/beeldenstorm.be\/web\/agenda-page\/?ical=1\"\n\t>Export Evenementen<\/a>\n<\/div>\n\n\t\t\t<\/div>\n<\/div>\n\n\n<span class=\"embed-youtube\" style=\"text-align:center; display: block;\"><iframe class='youtube-player' width='560' height='315' src='https:\/\/www.youtube.com\/embed\/dLY2mMs7mFI?version=3&#038;rel=1&#038;fs=1&#038;autohide=2&#038;showsearch=0&#038;showinfo=1&#038;iv_load_policy=1&#038;wmode=transparent' allowfullscreen='true' style='border:0;'><\/iframe><\/span>\n<br><br>\n\n\n\n<p>Onze <strong>&#8220;Na school&#8221;<\/strong> en&nbsp;<strong>&#8220;Beletterd &amp; Betekend&#8221;<\/strong> ateliers en activiteiten staan uitvoeriger omschreven op onze&nbsp;<strong>&#8220;Beletterd &amp; Betekend&#8221;<\/strong> website:<br> <a href=\"https:\/\/www.beeldenstorm.be\/web\/beletterd-betekend\">www.beeldenstorm.be\/web\/beletterd-betekend<\/a><\/p>\n","protected":false},"excerpt":{"rendered":"<p>\u00a0 Kunstendag voor Kinderen Jammer genoeg is er op Beeldenstorm [&hellip;]<\/p>\n","protected":false},"author":1,"featured_media":0,"parent":0,"menu_order":0,"comment_status":"closed","ping_status":"closed","template":"page_intro.php","meta":{"_EventAllDay":false,"_EventTimezone":"","_EventStartDate":"","_EventEndDate":"","_EventStartDateUTC":"","_EventEndDateUTC":"","_EventShowMap":false,"_EventShowMapLink":false,"_EventURL":"","_EventCost":"","_EventCostDescription":"","_EventCurrencySymbol":"","_EventCurrencyPosition":"","_EventDateTimeSeparator":"","_EventTimeRangeSeparator":"","_EventOrganizerID":[],"_EventVenueID":0,"_OrganizerEmail":"","_OrganizerPhone":"","_OrganizerWebsite":"","_VenueAddress":"","_VenueCity":"","_VenueCountry":"","_VenueProvince":"","_VenueZip":"","_VenuePhone":"","_VenueURL":"","_VenueStateProvince":"","_VenueLat":"","_VenueLng":"","_tribe_blocks_recurrence_rules":"","_tribe_blocks_recurrence_exclusions":"","_tribe_blocks_recurrence_description":"","spay_email":""},"jetpack_sharing_enabled":true,"jetpack_shortlink":"https:\/\/wp.me\/P22GyJ-2","_links":{"self":[{"href":"https:\/\/beeldenstorm.be\/web\/wp-json\/wp\/v2\/pages\/2"}],"collection":[{"href":"https:\/\/beeldenstorm.be\/web\/wp-json\/wp\/v2\/pages"}],"about":[{"href":"https:\/\/beeldenstorm.be\/web\/wp-json\/wp\/v2\/types\/page"}],"author":[{"embeddable":true,"href":"https:\/\/beeldenstorm.be\/web\/wp-json\/wp\/v2\/users\/1"}],"replies":[{"embeddable":true,"href":"https:\/\/beeldenstorm.be\/web\/wp-json\/wp\/v2\/comments?post=2"}],"version-history":[{"count":458,"href":"https:\/\/beeldenstorm.be\/web\/wp-json\/wp\/v2\/pages\/2\/revisions"}],"predecessor-version":[{"id":15730,"href":"https:\/\/beeldenstorm.be\/web\/wp-json\/wp\/v2\/pages\/2\/revisions\/15730"}],"wp:attachment":[{"href":"https:\/\/beeldenstorm.be\/web\/wp-json\/wp\/v2\/media?parent=2"}],"curies":[{"name":"wp","href":"https:\/\/api.w.org\/{rel}","templated":true}]}}