{"id":2544,"date":"2013-01-15T09:37:58","date_gmt":"2013-01-15T08:37:58","guid":{"rendered":"http:\/\/beeldenstorm.be\/web\/?page_id=2544"},"modified":"2019-10-14T10:05:24","modified_gmt":"2019-10-14T08:05:24","slug":"kuregem-publicatie-deel-1-cureghem-publication-partie-1","status":"publish","type":"page","link":"https:\/\/beeldenstorm.be\/web\/promotie-en-productie\/kuregem-deel-1-5-cureghem-partie-1-5\/kuregem-publicatie-deel-1-cureghem-publication-partie-1\/","title":{"rendered":"Kuregem \u2022 deel 1 \u2022 Historische context \/ Cureghem \u2022 partie 1 \u2022 Contexte historique"},"content":{"rendered":"<p>[NL]<\/p>\n<h4>Kuregem \u2022&nbsp;deel 1 \u2022 \u201cHistorische context\u201d<\/h4>\n<p class=\"western\" lang=\"nl-BE\">De eerste publicatie plaatst Kuregem in zijn historische context met een ruime aandacht voor de \u2018wijkcontracten\u2019, het beleidsinstrument van de laatste jaren in het Brussels Hoofdstedelijk Gewest voor de herwaardering van kwetsbare wijken. Verder passeren in dit eerste deel enkele opmerkelijke historische gebouwen, musea en het beschermde erfgoed de revue.<\/p>\n<p class=\"western\" lang=\"nl-NL\"><em><span lang=\"nl-BE\">De publicatie is gedrukt verkrijgbaar aan de prijs van 8,95 euro incl. verzending via<\/span>&nbsp;dirkdca\/at\/gmail\/dot\/com.&nbsp;<\/em><\/p>\n<p>download de brochure:&nbsp;<a href=\"https:\/\/beeldenstorm.be\/web\/files\/2013\/01\/Kuregem-deel-1_Historische-context.pdf\">Kuregem \u2022 deel 1 \u2022 Historische context<\/a><\/p>\n<p><a href=\"https:\/\/beeldenstorm.be\/web\/files\/2013\/01\/cover-web-deel-1-NL_web.jpg\" rel=\"lightbox[2544]\"><img loading=\"lazy\" class=\"alignnone size-thumbnail wp-image-2549\" title=\"Kuregem publicatie \u2022 deel 1\" src=\"https:\/\/beeldenstorm.be\/web\/files\/2013\/01\/cover-web-deel-1-NL_web-280x396.jpg\" alt=\"\" width=\"280\" height=\"396\" srcset=\"https:\/\/beeldenstorm.be\/web\/files\/2013\/01\/cover-web-deel-1-NL_web-280x396.jpg 280w, https:\/\/beeldenstorm.be\/web\/files\/2013\/01\/cover-web-deel-1-NL_web-560x792.jpg 560w, https:\/\/beeldenstorm.be\/web\/files\/2013\/01\/cover-web-deel-1-NL_web.jpg 724w\" sizes=\"(max-width: 280px) 100vw, 280px\" \/><\/a><\/p>\n<p>[FR]<\/p>\n<h4>Cureghem \u2022 partie 1 \u2022 \u201cContexte historique\u201d<\/h4>\n<p>La premi\u00e8re publication a plac\u00e9 Cureghem dans son contexte historique, en centrant l&#8217;attention sur les &#8216;contrats de quartier&#8217;, l&#8217;instrument utilis\u00e9 ces derni\u00e8res ann\u00e9es par les pouvoirs publics pour revaloriser les quartiers sensibles. Par ailleurs, dans cette premi\u00e8re partie, on passe en revue quelques b\u00e2timents historiques remarquables, des mus\u00e9es et le patrimoine prot\u00e9g\u00e9.<br \/>\nUne version imprim\u00e9e de la publication n&#8217;existe pas en fran\u00e7ais.<\/p>\n<p>t\u00eal\u00eacharger&nbsp;la brochure:&nbsp;<a href=\"https:\/\/beeldenstorm.be\/web\/files\/2013\/01\/Cureghem-partie-1_Contexte-historique.pdf\">Cureghem \u2022 partie 1 \u2022 Contexte historique<\/a><\/p>\n<p><a href=\"https:\/\/beeldenstorm.be\/web\/files\/2013\/01\/cover-web-deel-1-FR_web.jpg\" rel=\"lightbox[2544]\"><img loading=\"lazy\" class=\"alignnone size-thumbnail wp-image-2548\" title=\"Cureghem publication \u2022 partie 1\" src=\"https:\/\/beeldenstorm.be\/web\/files\/2013\/01\/cover-web-deel-1-FR_web-280x396.jpg\" alt=\"\" width=\"280\" height=\"396\" srcset=\"https:\/\/beeldenstorm.be\/web\/files\/2013\/01\/cover-web-deel-1-FR_web-280x396.jpg 280w, https:\/\/beeldenstorm.be\/web\/files\/2013\/01\/cover-web-deel-1-FR_web-560x792.jpg 560w, https:\/\/beeldenstorm.be\/web\/files\/2013\/01\/cover-web-deel-1-FR_web.jpg 724w\" sizes=\"(max-width: 280px) 100vw, 280px\" \/><\/a><\/p>\n","protected":false},"excerpt":{"rendered":"<p>[NL] Kuregem \u2022&nbsp;deel 1 \u2022 \u201cHistorische context\u201d De eerste publicatie [&hellip;]<\/p>\n","protected":false},"author":1,"featured_media":0,"parent":12269,"menu_order":0,"comment_status":"closed","ping_status":"closed","template":"","meta":{"_EventAllDay":false,"_EventTimezone":"","_EventStartDate":"","_EventEndDate":"","_EventStartDateUTC":"","_EventEndDateUTC":"","_EventShowMap":false,"_EventShowMapLink":false,"_EventURL":"","_EventCost":"","_EventCostDescription":"","_EventCurrencySymbol":"","_EventCurrencyPosition":"","_EventDateTimeSeparator":"","_EventTimeRangeSeparator":"","_EventOrganizerID":[],"_EventVenueID":0,"_OrganizerEmail":"","_OrganizerPhone":"","_OrganizerWebsite":"","_VenueAddress":"","_VenueCity":"","_VenueCountry":"","_VenueProvince":"","_VenueZip":"","_VenuePhone":"","_VenueURL":"","_VenueStateProvince":"","_VenueLat":"","_VenueLng":"","_tribe_blocks_recurrence_rules":"","_tribe_blocks_recurrence_exclusions":"","_tribe_blocks_recurrence_description":"","spay_email":""},"jetpack_sharing_enabled":true,"jetpack_shortlink":"https:\/\/wp.me\/P22GyJ-F2","_links":{"self":[{"href":"https:\/\/beeldenstorm.be\/web\/wp-json\/wp\/v2\/pages\/2544"}],"collection":[{"href":"https:\/\/beeldenstorm.be\/web\/wp-json\/wp\/v2\/pages"}],"about":[{"href":"https:\/\/beeldenstorm.be\/web\/wp-json\/wp\/v2\/types\/page"}],"author":[{"embeddable":true,"href":"https:\/\/beeldenstorm.be\/web\/wp-json\/wp\/v2\/users\/1"}],"replies":[{"embeddable":true,"href":"https:\/\/beeldenstorm.be\/web\/wp-json\/wp\/v2\/comments?post=2544"}],"version-history":[{"count":25,"href":"https:\/\/beeldenstorm.be\/web\/wp-json\/wp\/v2\/pages\/2544\/revisions"}],"predecessor-version":[{"id":12275,"href":"https:\/\/beeldenstorm.be\/web\/wp-json\/wp\/v2\/pages\/2544\/revisions\/12275"}],"up":[{"embeddable":true,"href":"https:\/\/beeldenstorm.be\/web\/wp-json\/wp\/v2\/pages\/12269"}],"wp:attachment":[{"href":"https:\/\/beeldenstorm.be\/web\/wp-json\/wp\/v2\/media?parent=2544"}],"curies":[{"name":"wp","href":"https:\/\/api.w.org\/{rel}","templated":true}]}}