{"id":9964,"date":"2018-07-03T11:47:07","date_gmt":"2018-07-03T09:47:07","guid":{"rendered":"http:\/\/beeldenstorm.be\/web\/?page_id=9964"},"modified":"2018-07-03T12:01:53","modified_gmt":"2018-07-03T10:01:53","slug":"ravel-couperin-philippe-thuriot-accordion-cd","status":"publish","type":"page","link":"https:\/\/beeldenstorm.be\/web\/promotie-en-productie\/ravel-couperin-philippe-thuriot-accordion-cd\/","title":{"rendered":"&#8216;Ravel \u2013 Couperin&#8217;, Philippe Thuriot (accordion) \u2022 cd"},"content":{"rendered":"<h3>CD: &#8216;Ravel \u2013 Couperin&#8217;, Philippe Thuriot (accordion)<\/h3>\n<p><em>(geluidsfragment volgt nog)<\/em><\/p>\n<p><a href=\"https:\/\/beeldenstorm.be\/web\/files\/2018\/05\/PhilippeThuriot_Ravel-Couperin_cover_WEB.jpg\" rel=\"lightbox[9964]\"><img loading=\"lazy\" class=\"alignnone size-medium wp-image-7665\" src=\"https:\/\/beeldenstorm.be\/web\/files\/2018\/05\/PhilippeThuriot_Ravel-Couperin_cover_WEB-560x527.jpg\" alt=\"\" width=\"560\" height=\"527\" srcset=\"https:\/\/beeldenstorm.be\/web\/files\/2018\/05\/PhilippeThuriot_Ravel-Couperin_cover_WEB-560x527.jpg 560w, https:\/\/beeldenstorm.be\/web\/files\/2018\/05\/PhilippeThuriot_Ravel-Couperin_cover_WEB-280x263.jpg 280w, https:\/\/beeldenstorm.be\/web\/files\/2018\/05\/PhilippeThuriot_Ravel-Couperin_cover_WEB-768x722.jpg 768w, https:\/\/beeldenstorm.be\/web\/files\/2018\/05\/PhilippeThuriot_Ravel-Couperin_cover_WEB-1024x963.jpg 1024w, https:\/\/beeldenstorm.be\/web\/files\/2018\/05\/PhilippeThuriot_Ravel-Couperin_cover_WEB.jpg 1280w\" sizes=\"(max-width: 560px) 100vw, 560px\" \/><\/a><br \/>\n<small>Warner Classics Benelux CD 5054197012549 &#8211; Digital 0190296912580<br \/>\n<a href=\"https:\/\/www.warnerclassics.com\/release\/4913581,05054197012549\/philippe-thuriot-ravel-couperin\" target=\"_blank\" rel=\"noopener\">https:\/\/www.warnerclassics.com\/&#8230;\/philippe-thuriot-ravel-couperin<\/a><br \/>\nRelease date: 22\/06\/2018<\/small><\/p>\n<p>Deze cd is te koop voor\u00a0<strong>\u20ac21.50<\/strong>\u00a0per cd <em>incl.\u00a0BTW.\u00a0<\/em><\/p>\n<p>[NL]<\/p>\n<p>\u201cHet spelen van werken van Maurice Ravel op accordeon leek me tot nu toe niet haalbaar, omwille van de \u2018korte naklank\u2019 van mijn instrument.<br \/>\nHet is pas recentelijk dat ik de sleutel vond om bepaalde werken te ontrafelen en aan te passen. Het feit dat Ravel zijn pianowerken vaak naar het orkest omzette was voor mij een doorslaggevend argument.<br \/>\nLe Tombeau de Couperin is ge\u00efnspireerd door de baroksuite. Vermits de barok voor de accordeonist geen onontgonnen terrein is, pakte ik deze suite als eerste aan, waarna de werken van Couperin als bijna vanzelfsprekend volgden. Zo werd de brug naar het Menuet antique en de Pavane gesmeed. Maar de keuze om La valse te spelen kwam pas veel later, omdat het heksentoeren vergde om dit werk naar mijn schoot-orkest te vertalen. Het was bij aanvang lang niet zeker dat ik alle codes kon kraken, maar langzaamaan leek het alsof mijn instrument de driekwartsmaat herkende vanuit die andere Franse connectie: de valse musette.\u201d (Philippe Thuriot)<\/p>\n<p>De Belgische accordeonist Philippe Thuriot is reeds 25 jaar actief op de internationale podia. Hij is als musicus niet te omschrijven in \u00e9\u00e9n volzin, zijn muzikale interesses reiken van Jazz en improvisatie tot Klassiek. Hij werkte mee aan de dansvoorstellingen van \u201cLes Ballets C De la B\u201d, concerteert met grote meesters uit de internationale jazzsc\u00e8ne waaronder Steve Houben, Charles Loos, Aka Moon, Tcha Limberger, Ellery Eskelin, Ren\u00e9 Lussier en Uri Caine, en in kamermuziek en\/of orkestverband met ensembles zoals Brussels Philharmonic, Oxalys, Het Collectief, Il Gardellino, Ictus, Klangforum Wien en de Munt (met de opera Pinocchio van P. Boesmans). In 2015 nam hij Bach\u2019s Goldbergvariaties op voor Klara en Warner Classics. De cd werd internationaal lovend onthaald, met dit programma trad hij op in tal van festivals waaronder \u201cBachcelona\u201d en \u201cCrete Senesi\u201d (Toscane, n.a.v. de 70 ste verjaardag van Philippe Herreweghe), waarna hij deze variaties herwerkte voor de dansvoorstelling \u201cSehnsucht\u201d van Koen Augustijnen en het Staatstheater van Mainz.<\/p>\n<p>Voor dit nieuwe solo-album arrangeerde Philippe werken van Maurice Ravel en Fran\u00e7ois Couperin, vertrekkend van Le tombeau de Couperin, via het Menuet antique, de Pavane pour une infante d\u00e9funte, Alborada del Gracioso tot La Valse. Deze nieuwe opname kwam tot stand dankzij de Brusselse VZW Beeldenstorm, die sinds 1999 tegen de stroom van vastgeroeste clich\u00e9s en vooroordelen invaart, door het aanbieden en verspreiden van muzische activiteiten.<\/p>\n<p><a href=\"https:\/\/www.philippethuriot.com\" target=\"_blank\" rel=\"noopener\">www.philippethuriot.com<\/a><\/p>\n<p>&nbsp;<\/p>\n<p>[FR]<\/p>\n<p>\u00ab Interpr\u00e9ter des \u0153uvres de Maurice Ravel sur accord\u00e9on ne m\u2019a pas paru faisable jusqu\u2019ici \u00e0 cause de la \u2018r\u00e9sonance courte\u2019 de mon instrument.<br \/>\nIl lui manque le \u2018velout\u00e9\u2019 dont b\u00e9n\u00e9ficie le piano gr\u00e2ce \u00e0 sa p\u00e9dale de droite. Le fait que Ravel ait souvent transcrit ses compositions pianistiques pour l\u2019orchestre, a \u00e9t\u00e9 pour moi un argument d\u00e9cisif.<br \/>\nLe Tombeau de Couperin est une \u0153uvre qui s\u2019inspire de la suite baroque. Et comme le baroque n\u2019est pas un domaine vierge pour l\u2019accord\u00e9oniste, je me suis mis d\u2019abord \u00e0 \u00e9tudier cette suite et \u00e0 partir de l\u00e0, les autres \u0153uvres de Couperin ont suivi comme une \u00e9vidence. Et c\u2019est ainsi que s\u2019est \u00e9tabli le lien avec le Menuet antique et la Pavane. Mais le choix d\u2019attaquer aussi La valse n\u2019est intervenu que beaucoup plus tard parce qu\u2019il faut d\u2019incroyables tours de passe-passe pour traduire cette composition vers mon orchestre unipersonnel. Au d\u00e9but, il n\u2019\u00e9tait pas du tout certain que je r\u00e9ussirais \u00e0 d\u00e9chiffrer tous les codes, mais petit \u00e0 petit, mon instrument semblait reconna\u00eetre par lui-m\u00eame la mesure \u00e0 trois temps, peut-\u00eatre \u00e0 partir de cette autre r\u00e9f\u00e9rence fran\u00e7aise : la valse musette. \u00bb \u2013 Philippe Thuriot<\/p>\n<p>L\u2019accord\u00e9oniste belge Philippe Thuriot se produit depuis 25 ans sur les sc\u00e8nes internationales. Ses activit\u00e9s musicales sont tr\u00e8s vari\u00e9es et se d\u00e9roulent dans les domaines du Jazz, de l\u2019improvisation et de la musique classique. Il collabore r\u00e9guli\u00e8rement avec des productions de Danse telles que \u201cLes Ballets C De la B\u201d, joue avec les ma\u00eetres du jazz contemporains comme Steve Houben, Charles Loos, Aka Moon, Tcha Limberger, Ellery Eskelin, Ren\u00e9 Lussier et Uri Caine. Il collabore avec de nombreux ensembles et orchestres tels que le Brussels Philharmonic, Oxalys, Het Collectief, Il Gardellino, Ictus, Klangforum Wien et La Monnaie (r\u00e9cemment dans Pinocchio de P. Boesmans). En 2015 il accepte le d\u00e9fi d\u2019enregistrer les Variations Goldberg de J.S. Bach pour Klara et Warner Classics. C\u2019est avec le programme de ce CD bien re\u00e7u par la presse (inter)nationale qu\u2019il se produira dans de nombreux festivals comme Bachcelona et Crete Senesi (Toscane, lors du 70\u00e8me anniversaire de Philippe Herreweghe). Apr\u00e8s, il les retravailla pour la production de Danse \u201cSehnsucht\u201d de Koen Augustijnen et le Staatstheater de Mainz.<\/p>\n<p>Ce nouvel album solo est \u00e0 nouveau un vrai d\u00e9fi, avec ses propres arrangements d\u2019\u0153uvres de Maurice Ravel et Fran\u00e7ois Couperin, en partant du Tombeau de Couperin, en passant par le M\u00e9nuet antique, via la Pavane pour une infante d\u00e9funte, et ce, jusqu\u2019\u00e0 la Valse. Cet enregistrement a \u00e9t\u00e9 r\u00e9alis\u00e9 gr\u00e2ce \u00e0 Beeldenstorm, \u00ab Centre d\u2019imagination \u00bb bas\u00e9 \u00e0 Cureghem (Anderlecht) qui se r\u00e9volte contre les clich\u00e9s scl\u00e9ros\u00e9s et fait obstacle \u00e0 toute forme de pr\u00e9jug\u00e9s et de d\u00e9faitisme par la r\u00e9alisation et \u00e0 la diffusion d\u2019une offre musicale de qualit\u00e9.<\/p>\n<p><a href=\"https:\/\/www.philippethuriot.com\" target=\"_blank\" rel=\"noopener\">www.philippethuriot.com<\/a><\/p>\n<p>&nbsp;<\/p>\n<h5>Tracklisting<\/h5>\n<ul>\n<li>MAURICE RAVEL : Le Tombeau de Couperin, M. 68 (1917)\n<ul>\n<li>01 &#8211; I. Pr\u00e9lude. A la m\u00e9moire du lieutenant Jacques Charlot<\/li>\n<li>02 &#8211; II. Fugue. A la m\u00e9moire du sous-lieutenant Jean Cruppi<\/li>\n<li>03 &#8211; III. Forlane. A la m\u00e9moire du lieutenant Gabriel Deluc<\/li>\n<li>04 &#8211; IV. Rigaudon. A la m\u00e9moire de Pierre et Pascal Gaudin<\/li>\n<li>05 &#8211; V. Menuet. A la m\u00e9moire de Jean Dreyfus<\/li>\n<li>06 &#8211; VI. Toccata. A la m\u00e9moire du capitaine Joseph de Marliave<\/li>\n<\/ul>\n<\/li>\n<li>FRAN\u00c7OIS COUPERIN\n<ul>\n<li>07 &#8211; La Couperin (Ordre XXI, Quatri\u00e8me livre de pi\u00e8ces de clavecin, 1730)<\/li>\n<\/ul>\n<\/li>\n<li>MAURICE RAVEL\n<ul>\n<li>08 &#8211; Menuet antique, M. 7 (1895) Dedicated to Ricardo Vi\u00f1es<\/li>\n<\/ul>\n<\/li>\n<li>FRAN\u00c7OIS COUPERIN\n<ul>\n<li>09 &#8211; La muse-Plantine (Ordre XIX, Troisi\u00e8me livre de pi\u00e8ces de clavecin, 1722)<\/li>\n<\/ul>\n<\/li>\n<li>MAURICE RAVEL\n<ul>\n<li>10 &#8211; Alborada del gracioso, 4e deel uit Miroirs, M. 43 (1905) Dedicated to Michel D. Calvocoressi<\/li>\n<li>11 &#8211; Pavane pour une infante d\u00e9funte, M. 19 (1899) Dedicated to Madame la Princesse Edmond de Polignac<\/li>\n<\/ul>\n<\/li>\n<li>FRAN\u00c7OIS COUPERIN\n<ul>\n<li>12 &#8211; Le Tic-Toc-Choc ou Les Maillotins (Ordre XVIII, Troisi\u00e8me livre de pi\u00e8ces de clavecin, 1722)<\/li>\n<li>13 &#8211; Les barricades Mist\u00e9rieuses (Ordre VI, Second livre de pi\u00e8ces de clavecin, 1717)<\/li>\n<\/ul>\n<\/li>\n<li>MAURICE RAVEL\n<ul>\n<li>La valse, Po\u00e8me chor\u00e9graphique, M. 72 (1920)<\/li>\n<\/ul>\n<\/li>\n<\/ul>\n","protected":false},"excerpt":{"rendered":"<p>CD: &#8216;Ravel \u2013 Couperin&#8217;, Philippe Thuriot (accordion) (geluidsfragment volgt nog) [&hellip;]<\/p>\n","protected":false},"author":19,"featured_media":0,"parent":2196,"menu_order":0,"comment_status":"closed","ping_status":"closed","template":"","meta":{"_EventAllDay":false,"_EventTimezone":"","_EventStartDate":"","_EventEndDate":"","_EventStartDateUTC":"","_EventEndDateUTC":"","_EventShowMap":false,"_EventShowMapLink":false,"_EventURL":"","_EventCost":"","_EventCostDescription":"","_EventCurrencySymbol":"","_EventCurrencyPosition":"","_EventDateTimeSeparator":"","_EventTimeRangeSeparator":"","_EventOrganizerID":[],"_EventVenueID":0,"_OrganizerEmail":"","_OrganizerPhone":"","_OrganizerWebsite":"","_VenueAddress":"","_VenueCity":"","_VenueCountry":"","_VenueProvince":"","_VenueZip":"","_VenuePhone":"","_VenueURL":"","_VenueStateProvince":"","_VenueLat":"","_VenueLng":"","_tribe_blocks_recurrence_rules":"","_tribe_blocks_recurrence_exclusions":"","_tribe_blocks_recurrence_description":"","spay_email":""},"jetpack_sharing_enabled":true,"jetpack_shortlink":"https:\/\/wp.me\/P22GyJ-2AI","_links":{"self":[{"href":"https:\/\/beeldenstorm.be\/web\/wp-json\/wp\/v2\/pages\/9964"}],"collection":[{"href":"https:\/\/beeldenstorm.be\/web\/wp-json\/wp\/v2\/pages"}],"about":[{"href":"https:\/\/beeldenstorm.be\/web\/wp-json\/wp\/v2\/types\/page"}],"author":[{"embeddable":true,"href":"https:\/\/beeldenstorm.be\/web\/wp-json\/wp\/v2\/users\/19"}],"replies":[{"embeddable":true,"href":"https:\/\/beeldenstorm.be\/web\/wp-json\/wp\/v2\/comments?post=9964"}],"version-history":[{"count":2,"href":"https:\/\/beeldenstorm.be\/web\/wp-json\/wp\/v2\/pages\/9964\/revisions"}],"predecessor-version":[{"id":9967,"href":"https:\/\/beeldenstorm.be\/web\/wp-json\/wp\/v2\/pages\/9964\/revisions\/9967"}],"up":[{"embeddable":true,"href":"https:\/\/beeldenstorm.be\/web\/wp-json\/wp\/v2\/pages\/2196"}],"wp:attachment":[{"href":"https:\/\/beeldenstorm.be\/web\/wp-json\/wp\/v2\/media?parent=9964"}],"curies":[{"name":"wp","href":"https:\/\/api.w.org\/{rel}","templated":true}]}}